{"id":35,"date":"2023-01-29T19:34:45","date_gmt":"2023-01-29T17:34:45","guid":{"rendered":"https:\/\/ennetusmudel.ee\/?page_id=35"},"modified":"2023-03-06T14:48:58","modified_gmt":"2023-03-06T12:48:58","slug":"projektist","status":"publish","type":"page","link":"https:\/\/ennetusmudel.ee\/?page_id=35","title":{"rendered":"PROJEKTIST"},"content":{"rendered":"<p><strong><span style=\"font-size: large;\">Projekti nimi:\u00a0L\u00e4\u00e4ne-Viru maakondliku integreeritud teenusmudeli v\u00e4ljaarendamine koolist v\u00e4ljalangemise ennetamiseks<\/span><\/strong><br \/><strong>Meede:<\/strong>\u00a0Kohalik areng ja vaesuse v\u00e4hendamine<br \/><strong>Taotlusvoor:<\/strong>\u00a0Integreeritud tugiteenused koolist v\u00e4ljalangevuse ennetamiseks<br \/><strong>Rahastaja:<\/strong>\u00a0EMP ja Norra finantsmehhanismid<br \/><strong>Projekti algus ja l\u00f5pp:\u00a0<\/strong>03.05.2022 &#8211; 30.04.2024<br \/><strong>Toetussumma<\/strong>: 281\u00a0160 EUR<br \/><strong>Toetusm\u00e4\u00e4r:<\/strong>\u00a0100%<br \/><strong>Toetuse saaja:<\/strong>\u00a0L\u00e4\u00e4ne-Viru Omavalitsuste Liit<br \/><strong>Projekti eesm\u00e4rk ja tulemused:\u00a0<\/strong><\/p>\n<ul>\n<li>Projekti raames t\u00f6\u00f6tatakse L\u00e4\u00e4ne-Viru maakonnas teenusedisaini ja juhitud koosloome (Sotsiaalse Innovatsiooni Labor) protsessis v\u00e4lja\u00a0<strong>uuendatud valdkonna\u00fclene mudel<\/strong>,\u00a0<strong>mis p\u00f5hineb olemasolevatel ressurssidel ja teenustel<\/strong>.<\/li>\n<li>Selleks\u00a0<strong>kaardistatakse olemasolev olukord<\/strong>\u00a0ja\u00a0<strong>ressursid<\/strong>\u00a0igas KOV-is, luuakse\u00a0<strong>\u00fchiselt visioon<\/strong>, mil moel\u00a0<strong>v\u00f5rgustik s\u00fcsteemselt t\u00f6\u00f6tama<\/strong>\u00a0peaks ning selgitatakse v\u00e4lja\u00a0<strong>tegurid, mis selliseks t\u00f6\u00f6ks vaja<\/strong>\u00a0on. Seega pannakse k\u00f5ik olemasolevad teenused uue integreeritud mudeli puhul uut moodi t\u00f6\u00f6le ja kombineeritakse erinevaid ressursse parendatud moel.<\/li>\n<li>Koosloome protsessis valmivat\u00a0<strong>koost\u00f6\u00f6mudelit piloteeritakse\u00a0<\/strong>ning\u00a0<strong>t\u00e4iustatakse<\/strong>\u00a0pidevalt projekti k\u00e4igus vastavalt saadud tagasisidele ja saadavale kogemusele.<\/li>\n<li>Mudeli t\u00e4iustamiseks ja kogemuste hankimiseks viiakse l\u00e4bi\u00a0<strong>\u00f5ppevisiit Norra Kuningriiki<\/strong>, Agderi maakonda.<\/li>\n<li>Protsessi k\u00e4igus\u00a0<strong>valmivad juhendmaterjalid varajaseks m\u00e4rkamiseks ja ennetust\u00f6\u00f6ks<\/strong>\u00a0KOV-ile ja KOV haridusasutustele (eraldi lasteaed ja kool).<\/li>\n<li>Projekti k\u00e4igus viiakse igas kohalikus omavalitsuses l\u00e4bi ka\u00a0<strong>KOV koolide ja lasteaedade \u00f5petajate koolitused<\/strong>. Igast haridusasutustest saab\u00a0<strong>koolituse tuumikr\u00fchm \u00f5petajaid<\/strong>\u00a0(lasteaiad ja koolid<strong>) varajase m\u00e4rkamise ja ennetust\u00f6\u00f6 t\u00f5hustamise eesm\u00e4rgil<\/strong>. Haridusasutuste juurde luuakse\u00a0<strong>tugimeeskonnad<\/strong>, kelle \u00fclesandeks j\u00e4\u00e4b oma koolis teadmisejagamine ja\u00a0<strong>koolisisese v\u00f5rgustiku edendamine.<\/strong><\/li>\n<\/ul>\n<p><em><strong>IN<\/strong><strong> ENGLISH<\/strong><br \/><strong><span style=\"font-size: large;\">Project:\u00a0Development of Integrated Service Model for Prevention Work with Children at Risk of Dropping out of School in L\u00e4\u00e4ne-Viru County<\/span><\/strong><\/em><br \/><em><strong>Measure:\u00a0<\/strong>Local development and poverty reduction<\/em><br \/><em><strong>Application round:<\/strong>\u00a0Integrated support services for school dropout prevention<\/em><br \/><em><strong>Funder:<\/strong>\u00a0The EEA and Norway Grants are funded by Iceland, Liechtenstein and Norway<\/em><br \/><em><strong>Project duration:\u00a0<\/strong>03.05.2022 &#8211; 30.04.2024<\/em><br \/><em><strong>Grant amount:<\/strong>\u00a0281,160EUR<\/em><br \/><em><strong>Beneficiary:\u00a0<\/strong>Association of Local Authorities of L\u00e4\u00e4ne-Viru County<\/em><\/p>\n<p><em>As part of the project, an updated interdisciplinary model based on existing resources and services is developed in the process of service design and managed co-creation (Social Innovation Lab) in L\u00e4\u00e4ne-Viru County.<\/em><\/p>\n<p><em>For this purpose, the existing situation and resources in each local government are mapped, a joint vision is created in which way the network should work systematically, and the factors needed for such work are identified. Thus, in the case of a new integrated model, all existing services are put to work in a new way and different resources are combined in an improved way.<\/em><\/p>\n<p><em>The cooperation model created in the process of co-creation is piloted and continuously improved during the project according to the feedback received and the experience gained.<\/em><\/p>\n<p><em>A study visit to Agder County, Kingdom of Norway, will be conducted to improve the model and gain experience.<\/em><\/p>\n<p><em>During the process, instructional materials for early detection and prevention work will be prepared for the local government and educational institutions of the local government (separate kindergarten and school).<\/em><\/p>\n<p><em>In the course of the project, trainings for teachers of local government schools and kindergartens are also carried out in each local government. A core group of teachers (kindergartens and schools) will be trained in each educational institution in order to enhance early detection and prevention. Support teams are created at educational institutions, whose task is to share knowledge in their school and promote the intra-school network.<\/em><\/p>\n<p>\u00a0<\/p>\n\n<div class=\"wp-block-image\">\n<figure class=\"aligncenter size-full\"><img loading=\"lazy\" decoding=\"async\" width=\"419\" height=\"294\" src=\"https:\/\/ennetusmudel.ee\/wp-content\/uploads\/2023\/02\/EEA_grants-LOGO-3.png\" alt=\"\" class=\"wp-image-478\" srcset=\"https:\/\/ennetusmudel.ee\/wp-content\/uploads\/2023\/02\/EEA_grants-LOGO-3.png 419w, https:\/\/ennetusmudel.ee\/wp-content\/uploads\/2023\/02\/EEA_grants-LOGO-3-300x211.png 300w\" sizes=\"auto, (max-width: 419px) 100vw, 419px\" \/><\/figure>\n<\/div>\n\n<div class=\"wp-block-image\">\n<figure class=\"aligncenter size-large is-resized\"><img loading=\"lazy\" decoding=\"async\" src=\"https:\/\/ennetusmudel.ee\/wp-content\/uploads\/2023\/02\/Virol-logo-PNG-1-1024x524.png\" alt=\"\" class=\"wp-image-479\" width=\"303\" height=\"155\" srcset=\"https:\/\/ennetusmudel.ee\/wp-content\/uploads\/2023\/02\/Virol-logo-PNG-1-1024x524.png 1024w, https:\/\/ennetusmudel.ee\/wp-content\/uploads\/2023\/02\/Virol-logo-PNG-1-300x153.png 300w, https:\/\/ennetusmudel.ee\/wp-content\/uploads\/2023\/02\/Virol-logo-PNG-1-768x393.png 768w, https:\/\/ennetusmudel.ee\/wp-content\/uploads\/2023\/02\/Virol-logo-PNG-1-1536x785.png 1536w, https:\/\/ennetusmudel.ee\/wp-content\/uploads\/2023\/02\/Virol-logo-PNG-1.png 1600w\" sizes=\"auto, (max-width: 303px) 100vw, 303px\" \/><\/figure>\n<\/div>","protected":false},"excerpt":{"rendered":"<p>Projekti nimi:\u00a0L\u00e4\u00e4ne-Viru maakondliku integreeritud teenusmudeli v\u00e4ljaarendamine koolist v\u00e4ljalangemise ennetamiseksMeede:\u00a0Kohalik areng ja vaesuse v\u00e4hendamineTaotlusvoor:\u00a0Integreeritud tugiteenused koolist v\u00e4ljalangevuse ennetamiseksRahastaja:\u00a0EMP ja Norra finantsmehhanismidProjekti algus ja l\u00f5pp:\u00a003.05.2022 &#8211; 30.04.2024Toetussumma: 281\u00a0160 EURToetusm\u00e4\u00e4r:\u00a0100%Toetuse saaja:\u00a0L\u00e4\u00e4ne-Viru Omavalitsuste LiitProjekti eesm\u00e4rk ja tulemused:\u00a0 Projekti raames t\u00f6\u00f6tatakse L\u00e4\u00e4ne-Viru maakonnas teenusedisaini ja juhitud koosloome (Sotsiaalse Innovatsiooni Labor) protsessis v\u00e4lja\u00a0uuendatud valdkonna\u00fclene mudel,\u00a0mis p\u00f5hineb olemasolevatel ressurssidel ja teenustel. Selleks\u00a0kaardistatakse [&hellip;]<\/p>\n","protected":false},"author":1,"featured_media":0,"parent":0,"menu_order":3,"comment_status":"closed","ping_status":"closed","template":"template-fullwidth.php","meta":{"footnotes":""},"class_list":["post-35","page","type-page","status-publish","hentry"],"_links":{"self":[{"href":"https:\/\/ennetusmudel.ee\/index.php?rest_route=\/wp\/v2\/pages\/35","targetHints":{"allow":["GET"]}}],"collection":[{"href":"https:\/\/ennetusmudel.ee\/index.php?rest_route=\/wp\/v2\/pages"}],"about":[{"href":"https:\/\/ennetusmudel.ee\/index.php?rest_route=\/wp\/v2\/types\/page"}],"author":[{"embeddable":true,"href":"https:\/\/ennetusmudel.ee\/index.php?rest_route=\/wp\/v2\/users\/1"}],"replies":[{"embeddable":true,"href":"https:\/\/ennetusmudel.ee\/index.php?rest_route=%2Fwp%2Fv2%2Fcomments&post=35"}],"version-history":[{"count":5,"href":"https:\/\/ennetusmudel.ee\/index.php?rest_route=\/wp\/v2\/pages\/35\/revisions"}],"predecessor-version":[{"id":518,"href":"https:\/\/ennetusmudel.ee\/index.php?rest_route=\/wp\/v2\/pages\/35\/revisions\/518"}],"wp:attachment":[{"href":"https:\/\/ennetusmudel.ee\/index.php?rest_route=%2Fwp%2Fv2%2Fmedia&parent=35"}],"curies":[{"name":"wp","href":"https:\/\/api.w.org\/{rel}","templated":true}]}}